3*a, -5*d + 4*a = -509. List the prime factors of d.
3, 5, 7
Suppose 8 = -5*t + 23, 5*x - 1221 = -2*t. List the prime factors of x.
3
What are the prime factors of 82 - 6*14/(-21)?
2, 43
Let q(p) = 3*p**3 - 6*p**2 + 3*p + 4. Let l be (3/2 - 1)/((-4)/(-24)). What are the prime factors of q(l)?
2, 5
Let s = 1454 - 898. List the prime factors of s.
2, 139
Let r = -6493 - -9651. What are the prime factors of r?
2, 1579
Let g = 1645 - 161. List the prime factors of g.
2, 7, 53
Let c(u) = 2*u - 7. Let v be c(-4). Let d(m) = -m**2 - m + 26. Let r be d(0). Let k = v + r. What are the prime factors of k?
11
Let r(u) = 1 - 37*u + 47*u + 1 - 13. List the prime factors of r(5).
3, 13
Suppose n - 5*n = 4*l - 2848, 5*l + 1396 = 2*n. What are the prime factors of n?
2, 3, 59
Suppose o = -b + 7, 3*o - 16 = 2*b - o. Suppose -2*n - 56 = 5*z, z + n + b*n = -6. What are the prime factors of (-358)/z - (-2)/12?
2, 3, 5
Let n(t) = t**3 - 10*t**2 + 18*t + 9. Let c = -7 - -15. What are the prime factors of n(c)?
5
List the prime factors of ((-2048)/(-3) - 26/(-78)) + -2.
3, 227
Let p(o) = -11*o - 103. What are the prime factors of p(-53)?
2, 3, 5
What are the prime factors of (-979)/(-2) + (-60)/(-24)?
2, 3, 41
Let d be (108/(-8))/(3/(-8)). Suppose 39*m - d*m - 66 = 0. List the prime factors of m.
2, 11
Suppose 6*s - 2488 = 7142. List the prime factors of s.
3, 5, 107
Suppose 0 = 3*x + 5*n - 3*n - 14, 0 = -4*x + 4*n - 8. Let l(o) = 4*o + 4*o**x - o**3 - 2 + 3*o**2 + 2*o**3. What are the prime factors of l(-5)?
2, 7
Let k = 619 + -290. List the prime factors of k.
7, 47
Suppose -3*z + 2413 = -5*q, -2*z = -2*q - 2121 + 515. Suppose 5*o + 4*f = z, f = 5*o + 238 - 1044. What are the prime factors of o?
7, 23
Suppose -5*d + 12 = 2*y, 0*y = -5*d + 3*y + 7. Suppose -4*u + 230 = 2*c, 4*c = 5*u - d*u - 167. List the prime factors of u.
3, 19
Let m(r) = -3*r**2 + 11*r**3 + 8*r**3 + 1 + r**2 + 4*r**3. Let j(y) = 22*y**3 - 2*y**2 + 1. Let v(g) = -3*j(g) + 2*m(g). List the prime factors of v(-1).
3, 7
Let g = -4 + -8. Let v(b) = -3 - 6*b + 4*b + 1 + b. What are the prime factors of v(g)?
2, 5
Suppose -116069 = -69*x + 80788. List the prime factors of x.
3, 317
Suppose -20 + 8 = -2*p - 4*y, 2*y - 14 = -5*p. What are the prime factors of 2 + -7 + p - (-18 + -1)?
2
Let w = -134 + 202. Let f = -40 + w. What are the prime factors of f?
2, 7
What are the prime factors of 13/52*(8174 + -2)?
3, 227
Let y(b) = 3*b**2 + 10*b + 3. What are the prime factors of y(15)?
2, 3, 23
Suppose k - 4*l = 164, -l = -5*k + 449 + 466. Suppose -13*x + 17*x = k. List the prime factors of x.
2, 23
Suppose 0 = 52*w - 23*w - 2813. List the prime factors of w.
97
Let g(b) = -14*b - 1. Let y be g(-2). Suppose 35 + y = 3*u - 5*a, 5*u - 66 = -a. What are the prime factors of u?
2, 7
Let r(u) = 3*u**2 - 2*u + 17. What are the prime factors of r(11)?
2, 179
Let k(x) = x**3 + 2*x + 880. What are the prime factors of k(0)?
2, 5, 11
Let y(a) = 44 + 42 - 85 + 2*a**2 + a. Let n be -3*((-5)/(-3) + -1). What are the prime factors of y(n)?
7
Let c(n) = n**3 + 5*n**2 + 4*n - 2. Let h be c(-2). What are the prime factors of ((0/h)/4 - -48) + 1?
7
Let h be ((-60)/50)/((-4)/10). Suppose 0 = f + 4*f - h*t - 485, -3*t = -2*f + 194. List the prime factors of f.
97
Let l(g) be the second derivative of 5*g**3/6 - 2*g**2 - 6*g. What are the prime factors of l(4)?
2
Let p be 3 - 3 - -2*1. Suppose 3*t = i, t = p*t - 3*i. Suppose t*u + u - 8 = 0. List the prime factors of u.
2
Let l(b) = -2*b**3 - 5*b**2 - 81*b - 10. List the prime factors of l(-7).
2, 499
Suppose g = 2*m + 9155, -13738 = -0*m + 3*m + 4*g. List the prime factors of 3/2*m/(-63).
109
Let c(v) = -21*v**3 + 4*v + 4. Let q be c(-1). Suppose n - 64 - q = 0. What are the prime factors of n?
5, 17
Suppose -6 + 16 = 5*j. List the prime factors of (19/(-4))/(j/(-56)).
7, 19
List the prime factors of ((-16083)/(-2))/(-3)*124/(-186).
1787
Let h(m) = m**3 + 8*m**2 - 37*m + 2. List the prime factors of h(-9).
2, 127
Let x(v) = 13*v + 92. What are the prime factors of x(18)?
2, 163
What are the prime factors of ((-139)/4)/(11/(-1003 + -9))?
23, 139
Suppose j - 10 - 5 = 0. Suppose j = -6*g + 129. Let c = 10 + g. What are the prime factors of c?
29
Let s(y) = -3*y**2 - 7*y - 2. Let o be s(-2). List the prime factors of (-120)/((-42)/7) - (-1 - o).
3, 7
Let f = 14 + 716. List the prime factors of f.
2, 5, 73
What are the prime factors of (859/12)/(36/432)?
859
Suppose 2*n = 3*v + 15, v + 0*v + 3 = 0. Suppose 0 = t - 5, n*t - 246 = -3*c. What are the prime factors of c?
7, 11
Let u(g) = -2*g**2 - 9*g**2 + 13*g**2 + 15*g + 20. What are the prime factors of u(-13)?
163
Let p(v) = -3*v - 1. Let k be p(-6). Suppose -28*j + 29*j = k. What are the prime factors of j?
17
Let a(s) = -536*s**3 + s**2 + s. List the prime factors of a(-1).
2, 67
Let b(p) = 2*p - 21. Let w be b(10). What are the prime factors of w/(3/(-123)) - (12 + -9)?
2, 19
Let f(j) = 150*j**2 + 11*j + 7. Let c be f(-3). Suppose 4*q - 894 = 5*m, 4*q - c + 426 = 3*m. List the prime factors of q.
2, 113
Let j(n) = 303*n**2 - n - 18. List the prime factors of j(-3).
2, 3, 113
Suppose 0 = -15*h + 17*h - 580. What are the prime factors of h?
2, 5, 29
Let i be (-36)/(-14) - 3/(-7). Suppose 4*q = -i*s + 8, q + q = 4*s + 4. Suppose -3*g - 2 + 110 = s. List the prime factors of g.
2, 3
Let n be 2/(-8) - 429/12. Suppose 0 = -5*w - 3*v + 297, -w - v = -5*v - 64. Let z = n + w. What are the prime factors of z?
2, 3
Let c(b) = 165*b**2 + 5*b - 5. List the prime factors of c(1).
3, 5, 11
Suppose 2*u + 3*g - 4893 = -84, 3*u - 7201 = -2*g. List the prime factors of u.
3, 17, 47
What are the prime factors of (-51)/((-5)/5) - -6?
3, 19
List the prime factors of (-3)/33*-1 - 100656/(-176).
2, 11, 13
Suppose -2*r = -4*j - 18, 3*j - 2 = 5*r - 19. Let t = 0 - j. Let x = t + 15. What are the prime factors of x?
19
Let x(v) = 3*v**3 - 55*v**2 + 29*v - 53. List the prime factors of x(18).
5, 29
Let m = 563 - 387. List the prime factors of m.
2, 11
Let f(o) be the second derivative of o**4/4 + 4*o**3/3 - 13*o**2/2 + 10*o. Let x be f(-9). Suppose -r = -2*r - 1, 3*i + r = x. List the prime factors of i.
53
What are the prime factors of 1208/((-11)/(-55)*2)?
2, 5, 151
Let m = 2480 + -1002. List the prime factors of m.
2, 739
Suppose -6*i + 480 = -i - y, 3*i + 3*y - 270 = 0. Suppose -2*p = -i - 163. List the prime factors of p.
3, 43
Suppose -6 = 2*h - 2*o - 26, -5*h - 4*o = -41. Suppose 0*y = 3*y - h. Suppose y*u - 37 = -4*z - 5, -3*z = -u - 11. List the prime factors of u.
2
Let r(c) = 148*c + 306. List the prime factors of r(9).
2, 3, 7, 13
Suppose 0 = -8*b + 36199 - 3223. What are the prime factors of b?
2, 3, 229
Let i be ((-2)/5)/(3/(-15)). What are the prime factors of (3 - i) + 7*6?
43
Let f = 1852 + -645. List the prime factors of f.
17, 71
Let p(k) = -k + 17. Let f be ((-12)/(-2))/(6/12). Let w be p(f). Suppose -w*l - 176 = -471. List the prime factors of l.
59
Suppose 10*z - 10604 = 17396. List the prime factors of z.
2, 5, 7
Let q = 14 - 21. Let b be -1 - (-181 - (q + 3)). Suppose 2*p = -4*x + 146, -4*x + 3*p + b = -p. What are the prime factors of x?
3, 13
Let u be -1*(-2 + 2) - 14/7. What are the prime factors of u/4 + (-6777)/(-54)?
5
What are the prime factors of (-27)/(-2)*(1390/30 + -11)?
3, 53
Suppose -5*n + 7*n - 3*f = 10059, 15 = -3*f. List the prime factors of n.
2, 3, 31
Let i be -1 + (-6 - -2)/(-4). Suppose i*g + 9 = g. Let u(p) = -p**3 + 8*p**2 + 13*p - 2. List the prime factors of u(g).
2, 17
Suppose 4*z - 2*z - 34 = 0. Let v be z/2 - (-18)/12. Suppose 49 = w - v. List the prime factors of w.
59
Suppose -3*v - 1 - 14 = 0. Let b = v + 7. Suppose -6 - 14 = -b*m. List the prime factors of m.
2, 5
Let t = -7 - -6. Let h(i) be the third derivative of -8*i**6/15 + i**5/60 + i**4/12 + i**3/6 - 59*i**2. List the prime factors of h(t).
2
Let c(m) = 13*m**3 + 16*m**2 + 2*m + 11. Let h(w) = 4*w**3 + 5*w**2 + w + 4. Let s(q) = 2*c(q) - 7*h(q). What are the prime factors of s(-3)?
2, 3, 5
Suppose 0 = 5*s + 10, -29*s - 5346 = -2*z - 31*s. List the prime factors of z.
5, 107
Let m(k) = -9*k**3 + 10*k**2 + 6*k + 11. What are the prime factors of m(-7)?
2, 3, 197
Let v be ((-1)/3)/((-3)/(-81)). Let x = v - -5. What are the prime factors of (6 - 